the remainder when 1096123 is divided by 246.
193
Calculate the remainder when 2327864733 is divided by 1898.
1897
What is the remainder when 3509317 is divided by 34?
7
What is the remainder when 74078 is divided by 2700?
1178
Calculate the remainder when 151685400 is divided by 69.
9
Calculate the remainder when 385292 is divided by 64177.
230
What is the remainder when 14211166 is divided by 535?
496
What is the remainder when 682289 is divided by 38?
37
What is the remainder when 420896 is divided by 38241?
245
Calculate the remainder when 74293 is divided by 1508.
401
What is the remainder when 14552794 is divided by 607?
576
Calculate the remainder when 41581663 is divided by 560.
543
What is the remainder when 21683625 is divided by 73?
70
Calculate the remainder when 164412022 is divided by 42.
40
Calculate the remainder when 114926 is divided by 4952.
1030
Calculate the remainder when 13843025 is divided by 25.
0
What is the remainder when 3468671 is divided by 867159?
35
What is the remainder when 65459277 is divided by 81417?
9
What is the remainder when 549362457 is divided by 19?
10
Calculate the remainder when 2568964 is divided by 137.
77
Calculate the remainder when 5593489 is divided by 1569.
4
What is the remainder when 391897 is divided by 18642?
415
What is the remainder when 78563 is divided by 25130?
3173
What is the remainder when 1664761 is divided by 102?
19
Calculate the remainder when 54545 is divided by 2617.
2205
Calculate the remainder when 115254 is divided by 38400.
54
Calculate the remainder when 1051684 is divided by 5008.
4
What is the remainder when 10870 is divided by 782?
704
What is the remainder when 576917 is divided by 576251?
666
Calculate the remainder when 3874286 is divided by 10471.
16
What is the remainder when 11069225 is divided by 688?
681
Calculate the remainder when 1712989 is divided by 4189.
3877
What is the remainder when 286075 is divided by 71488?
123
What is the remainder when 177107 is divided by 58954?
245
Calculate the remainder when 519813 is divided by 72.
45
What is the remainder when 1260833 is divided by 429?
2
Calculate the remainder when 207017 is divided by 455.
447
Calculate the remainder when 5372988 is divided by 247.
244
Calculate the remainder when 31635 is divided by 40.
35
Calculate the remainder when 2063257 is divided by 8028.
61
What is the remainder when 116539961 is divided by 150?
11
Calculate the remainder when 1639826 is divided by 29.
21
What is the remainder when 1070062 is divided by 1277?
1213
What is the remainder when 277872 is divided by 4390?
1302
What is the remainder when 3155692 is divided by 28688?
12
What is the remainder when 225053 is divided by 74883?
404
What is the remainder when 26443426 is divided by 489693?
4
Calculate the remainder when 2874372 is divided by 330.
72
What is the remainder when 2773889 is divided by 8535?
14
What is the remainder when 183557654 is divided by 164?
162
What is the remainder when 931411 is divided by 6655?
6366
Calculate the remainder when 2843733 is divided by 11607.
18
Calculate the remainder when 364751 is divided by 30326.
839
Calculate the remainder when 6935712 is divided by 365037.
9
What is the remainder when 2493009 is divided by 204?
129
Calculate the remainder when 45140 is divided by 10860.
1700
Calculate the remainder when 19258502 is divided by 857.
855
Calculate the remainder when 114946572 is divided by 1128.
1116
What is the remainder when 2836589 is divided by 466?
47
What is the remainder when 15411054 is divided by 33?
21
Calculate the remainder when 124009 is divided by 599.
16
What is the remainder when 27859751 is divided by 95410?
31
What is the remainder when 262009030 is divided by 14?
10
Calculate the remainder when 105333407 is divided by 831.
2
What is the remainder when 183587 is divided by 1257?
65
Calculate the remainder when 315572 is divided by 1182.
1160
Calculate the remainder when 11388923 is divided by 751.
8
Calculate the remainder when 1155290 is divided by 385062.
104
Calculate the remainder when 6573052 is divided by 11.
2
What is the remainder when 29647 is divided by 4139?
674
Calculate the remainder when 42797251 is divided by 171189.
1
What is the remainder when 637202 is divided by 40?
2
Calculate the remainder when 1202363 is divided by 243.
242
What is the remainder when 351594 is divided by 54?
0
Calculate the remainder when 52074682 is divided by 58908.
10
Calculate the remainder when 468108794 is divided by 5397.
5396
What is the remainder when 23672563 is divided by 138436?
7
What is the remainder when 277232 is divided by 6447?
11
What is the remainder when 12653071 is divided by 3163239?
115
What is the remainder when 681095 is divided by 681056?
39
What is the remainder when 364535 is divided by 30?
5
What is the remainder when 1546106 is divided by 887?
65
Calculate the remainder when 3491283 is divided by 7953.
7869
What is the remainder when 67771 is divided by 1217?
836
What is the remainder when 41692499 is divided by 850?
849
What is the remainder when 602405 is divided by 120464?
85
Calculate the remainder when 14133082 is divided by 713.
709
Calculate the remainder when 38289 is divided by 12149.
1842
What is the remainder when 391265 is divided by 10559?
582
Calculate the remainder when 120861 is divided by 20136.
45
Calculate the remainder when 8399255 is divided by 1636.
31
What is the remainder when 2491881 is divided by 1861?
2
What is the remainder when 87487 is divided by 86871?
616
What is the remainder when 716290 is divided by 14921?
82
What is the remainder when 24674585 is divided by 7509?
11
Calculate the remainder when 108778123 is divided by 14.
13
Calculate the remainder when 707392 is divided by 5317.
231
What is the remainder when 4871350 is divided by 429?
55
Calculate the remainder when 868631 is divided by 232.
23
What is the remainder when 57735 is divided by 781?
722
What is the remainder when 722008 is divided by 109?
101
What is the remainder when 561124 is divided by 71?
11
What is the remainder when 315627 is divided by 315582?
45
What is the remainder when 28284 is divided by 2066?
1426
What is the remainder when 7872146 is divided by 13?
9
What is the remainder when 182456 is divided by 256?
184
Calculate the remainder when 308359 is divided by 80.
39
What is the remainder when 9206380 is divided by 746?
740
Calculate the remainder when 6149915 is divided by 6059.
30
What is the remainder when 17337226 is divided by 4123?
11
What is the remainder when 1580736 is divided by 9189?
228
What is the remainder when 2572497 is divided by 875?
872
What is the remainder when 175759 is divided by 175759?
0
What is the remainder when 3111445 is divided by 6077?
21
Calculate the remainder when 6674683 is divided by 101.
98
Calculate the remainder when 16392338 is divided by 37003.
9
Calculate the remainder when 51851 is divided by 12643.
1279
What is the remainder when 15701651 is divided by 19337?
7
What is the remainder when 587393 is divided by 406?
317
What is the remainder when 28090 is divided by 9315?
145
What is the remainder when 47613 is divided by 47548?
65
Calculate the remainder when 133544443 is divided by 1168.
1163
What is the remainder when 487806 is divided by 486425?
1381
What is the remainder when 16728 is divided by 7754?
1220
What is the remainder when 492056 is divided by 153?
8
What is the remainder when 289506 is divided by 43?
30
What is the remainder when 17376 is divided by 8537?
302
What is the remainder when 23224597 is divided by 53?
50
What is the remainder when 74226 is divided by 14778?
336
Calculate the remainder when 131297 is divided by 1641.
17
Calculate the remainder when 735114 is divided by 295.
269
What is the remainder when 1261198717 is divided by 680?
677
Calculate the remainder when 27638646 is divided by 222.
90
What is the remainder when 227757 is divided by 75919?
0
What is the remainder when 36831018 is divided by 106448?
10
Calculate the remainder when 7361454 is divided by 407.
45
Calculate the remainder when 135911 is divided by 790.
31
What is the remainder when 918146 is divided by 1041?
1025
Calculate the remainder when 181926 is divided by 322.
318
What is the remainder